mon divisor of 8 and 116.
4
Calculate the greatest common divisor of 86 and 7654.
86
What is the highest common divisor of 30 and 340?
10
What is the highest common divisor of 14 and 56?
14
What is the highest common divisor of 1897 and 28?
7
What is the greatest common factor of 20375 and 25?
25
What is the highest common factor of 14191 and 46?
23
What is the greatest common divisor of 2977 and 5267?
229
Calculate the greatest common factor of 1605 and 15.
15
What is the highest common divisor of 18 and 4?
2
Calculate the highest common divisor of 27 and 297.
27
What is the highest common factor of 242 and 2?
2
Calculate the highest common factor of 361 and 114.
19
What is the highest common divisor of 332 and 4?
4
What is the greatest common factor of 12 and 26?
2
What is the greatest common factor of 9571 and 17?
17
Calculate the greatest common factor of 5 and 15.
5
Calculate the greatest common factor of 459 and 119.
17
What is the highest common divisor of 12472 and 8?
8
Calculate the highest common divisor of 5260 and 20.
20
Calculate the highest common factor of 165 and 90.
15
What is the greatest common divisor of 259 and 28?
7
Calculate the highest common factor of 920 and 1012.
92
Calculate the highest common factor of 6 and 666.
6
What is the greatest common factor of 5680 and 240?
80
What is the greatest common divisor of 28 and 4172?
28
What is the highest common factor of 1 and 41?
1
What is the greatest common factor of 9310 and 196?
98
Calculate the greatest common divisor of 7618 and 52.
26
What is the highest common divisor of 19 and 608?
19
What is the highest common factor of 891 and 330?
33
Calculate the greatest common divisor of 84 and 588.
84
Calculate the greatest common factor of 28352 and 48.
16
Calculate the highest common divisor of 21201 and 222.
111
Calculate the highest common divisor of 328 and 410.
82
Calculate the greatest common divisor of 2092 and 8.
4
What is the highest common divisor of 2 and 128?
2
Calculate the greatest common divisor of 3675 and 500.
25
Calculate the highest common divisor of 225 and 100.
25
What is the greatest common factor of 4015 and 275?
55
Calculate the greatest common factor of 99 and 36.
9
Calculate the greatest common factor of 468 and 1287.
117
Calculate the highest common factor of 132 and 616.
44
Calculate the highest common divisor of 720 and 750.
30
What is the greatest common divisor of 4543 and 154?
77
What is the greatest common divisor of 2955 and 30?
15
Calculate the highest common divisor of 75 and 3025.
25
What is the greatest common divisor of 1245 and 15?
15
Calculate the greatest common factor of 621 and 2646.
27
Calculate the greatest common divisor of 280 and 490.
70
Calculate the greatest common divisor of 79 and 2133.
79
Calculate the greatest common divisor of 310 and 682.
62
What is the highest common divisor of 667 and 29?
29
What is the highest common factor of 7908 and 84?
12
Calculate the highest common divisor of 41 and 779.
41
What is the highest common divisor of 132 and 110?
22
What is the highest common divisor of 88 and 1221?
11
What is the greatest common factor of 16 and 1756?
4
What is the greatest common divisor of 23 and 23?
23
Calculate the highest common factor of 168 and 448.
56
Calculate the highest common divisor of 5 and 485.
5
Calculate the greatest common factor of 1056 and 396.
132
What is the highest common factor of 190 and 1026?
38
Calculate the highest common factor of 4308 and 12.
12
Calculate the highest common factor of 164 and 41.
41
Calculate the greatest common factor of 160 and 215.
5
Calculate the greatest common factor of 1185 and 316.
79
What is the greatest common factor of 4828 and 323?
17
Calculate the greatest common factor of 4802 and 42.
14
Calculate the greatest common factor of 22 and 66.
22
What is the highest common divisor of 12 and 1083?
3
What is the highest common factor of 783 and 87?
87
Calculate the greatest common factor of 27192 and 88.
88
Calculate the highest common factor of 130 and 2782.
26
Calculate the highest common factor of 1377 and 243.
81
Calculate the greatest common factor of 83 and 14857.
83
What is the highest common factor of 830 and 40?
10
What is the greatest common factor of 66 and 1342?
22
Calculate the greatest common divisor of 186 and 992.
62
What is the greatest common divisor of 3406 and 1179?
131
Calculate the highest common divisor of 192 and 128.
64
Calculate the greatest common factor of 54 and 36.
18
What is the highest common divisor of 134 and 3618?
134
Calculate the greatest common divisor of 12 and 264.
12
Calculate the highest common factor of 30 and 230.
10
What is the highest common factor of 3 and 2307?
3
Calculate the highest common divisor of 112635 and 45.
45
What is the greatest common factor of 40 and 1580?
20
Calculate the highest common factor of 2464 and 242.
22
What is the greatest common divisor of 375 and 4665?
15
What is the greatest common factor of 875 and 105?
35
Calculate the greatest common factor of 8 and 173.
1
What is the greatest common divisor of 7136 and 288?
32
Calculate the greatest common factor of 3991 and 13.
13
Calculate the highest common factor of 249 and 3.
3
Calculate the highest common factor of 1173 and 230.
23
What is the greatest common factor of 4311 and 171?
9
What is the highest common divisor of 186 and 1054?
62
What is the highest common factor of 285 and 9120?
285
What is the greatest common divisor of 273 and 195?
39
What is the highest common factor of 567 and 70?
7
Calculate the highest common divisor of 459 and 81.
27
Calculate the greatest common divisor of 180 and 1500.
60
Calculate the greatest common factor of 4465 and 380.
95
Calculate the highest common divisor of 8 and 802.
2
What is the highest common divisor of 2304 and 640?
128
Calculate the highest common divisor of 448 and 532.
28
What is the highest common factor of 1998 and 185?
37
Calculate the highest common divisor of 32 and 32.
32
What is the greatest common factor of 9 and 18?
9
Calculate the highest common divisor of 975 and 39.
39
What is the highest common factor of 9373 and 819?
91
What is the highest common factor of 13 and 1625?
13
Calculate the highest common divisor of 36 and 504.
36
Calculate the greatest common divisor of 4171 and 172.
43
What is the greatest common factor of 5 and 335?
5
What is the greatest common divisor of 38 and 1083?
19
What is the greatest common factor of 501 and 6?
3
Calculate the highest common divisor of 21 and 721.
7
What is the highest common factor of 66 and 165?
33
Calculate the highest common divisor of 1806 and 2322.
258
Calculate the highest common divisor of 1092 and 60.
12
Calculate the greatest common factor of 65 and 5.
5
What is the greatest common divisor of 352 and 132?
44
Calculate the greatest common divisor of 99 and 88.
11
What is the greatest common divisor of 117 and 689?
13
Calculate the highest common divisor of 33 and 5269.
11
What is the highest common factor of 1746 and 18?
18
Calculate the greatest common factor of 335 and 20.
5
What is the greatest common factor of 158 and 869?
79
What is the greatest common factor of 32 and 1024?
32
Calculate the highest common divisor of 460 and 40.
20
What is the greatest common factor of 102 and 12?
6
What is the highest common divisor of 129 and 43?
43
What is the greatest common factor of 21 and 448?
7
Calculate the highest common divisor of 18928 and 336.
112
What is the greatest common divisor of 111 and 4551?
111
What is the greatest common divisor of 24 and 200?
8
Calculate the greatest common divisor of 2048 and 16.
16
What is the greatest common divisor of 117 and 65?
13
Calculate the highest common factor of 9 and 45.
9
Calculate the greatest common factor of 21 and 28.
7
What is the greatest common factor of 16 and 18856?
8
What is the greatest common divisor of 38 and 2375?
19
What is the highest common divisor of 21 and 9807?
21
What is the highest common factor of 87 and 1943?
29
What is the greatest common factor of 891 and 3333?
33
What is the greatest common factor of 264 and 99?
33
What is the highest common divisor of 35334 and 117?
117
Calculate the greatest common factor of 1617 and 132.
33
Calculate the highest common 